 5. Let k = 9 - 9. What is n(k)?
5
Let x(m) = 6*m**2 + 78*m + 250. Let o be x(-7). Let t(v) = 20*v + 6. Calculate t(o).
-34
Let v(n) be the first derivative of 5/3*n**3 + 2*n - 7/2*n**2 + 1/4*n**4 - 87. Calculate v(-6).
8
Suppose -5*x = -5*t - 54 + 29, -2*x - 18 = 2*t. Let k(w) = 5*w + 28. Calculate k(t).
-7
Suppose 54 - 42 + 48 = -12*g. Let b(p) = p**2 + 3*p - 34. What is b(g)?
-24
Let f(r) be the third derivative of r**4/24 + r**3/3 - 2*r**2. Let b be (-1 - 3 - -3)*647. Let x = -654 - b. Calculate f(x).
-5
Suppose -k = i - 9, 3*k = 2*i + 3*i + 51. Suppose 2*d - k*d - 120 = 0. Let t(r) = r**2 + 12*r - 1. What is t(d)?
-1
Suppose -3*x + 20 = x. Let w(t) be the second derivative of -t + 1/3*t**3 + 25 - 3/2*t**2. Determine w(x).
7
Let w(m) = -3*m**3 - 6*m**2 + 8*m - 7. Let a(c) = 10*c**3 + 19*c**2 - 22*c + 20. Let d(o) = -2*a(o) - 7*w(o). Determine d(-6).
9
Let q(i) = -i**2 - 186*i - 181*i + 2*i**2 + 20 + 379*i. Let h be q(-4). Let w(j) = -j**3 - 11*j**2 + 16*j + 2. Calculate w(h).
-46
Let r = 46 - 50. Let b(u) = u**3 + 3*u**2 - 4*u + 4. Calculate b(r).
4
Let n = -335 + 339. Suppose -3*h - 4*d = -22, -n*h - 2*d + 38 = 2. Let g(b) = b**3 - 11*b**2 + 11*b - 15. What is g(h)?
-5
Let b = 618 + -617. Let m(q) = b - 10 + 7 + q**2 + 2 + 3*q + 2. What is m(-5)?
12
Let o = 1502 + -1502. Let d(g) = -g**2 + 52*g + 1. What is d(o)?
1
Let t(i) be the third derivative of 5*i**4/4 - 49*i**3/3 + 307*i**2. Determine t(3).
-8
Let t(b) = -2*b - 28. Suppose 0 = p + r - 25 + 33, 2*r = -4. Let d be 3*4/(-18)*(-117)/p. What is t(d)?
-2
Let f(u) = -u**3 - 10*u**2 - 2*u - 12. Suppose -24*k + 310 = -55*k. Calculate f(k).
8
Let m(k) be the second derivative of k**5/20 - 3*k**4/4 + k**3 + 5*k**2/2 + 1211*k. Determine m(8).
-11
Let i(w) = 870*w - 84. Let z(n) = 63*n - 6. Let k(s) = -i(s) + 14*z(s). Suppose 3*g = 0, -4*a + 6*g - 4 = 2*g. Let t be 2/4*(1 - a). Calculate k(t).
12
Let f(j) = j - 4. Suppose 10*l - 5*l + p = 166, 2*p - 134 = -4*l. Let w be l/(-5) + (-84)/(-140). Give f(w).
-10
Let d(s) be the second derivative of 37/2*s**2 + 0 + 1/12*s**4 + 28*s - 3*s**3. Let q be d(16). Let w(f) = f**3 - 4*f**2 - f - 5. What is w(q)?
15
Let k(o) be the third derivative of -o**6/120 + o**5/60 + o**4/3 + o**3/3 - 5*o**2 - 107. What is k(-3)?
14
Let w(u) be the third derivative of -7*u**6/120 + u**5/60 - u**4/4 + 5*u**3/6 + 19*u**2. Let x be w(1). Let t(b) = 3*b + 22. Calculate t(x).
1
Let u(v) = v**3 - 8*v**2 - 4*v - 1. Let l(h) = -h**2 - h. Let p(t) = -6*l(t) + u(t). Suppose 0 = 174*q - 349 + 175. Give p(q).
0
Let y(t) = 228 + 11*t - 226 - 20*t + 11*t. Give y(4).
10
Suppose 51*f = -435 - 719 + 236. Let n(b) = -14*b - 250. Calculate n(f).
2
Let f(j) = -j**3 + 7*j**2 - 3*j - 4. Let y = 24 - 69. Let i = y - -51. Calculate f(i).
14
Let r(n) = -n + 134. Let s(d) = -206. Let u(z) = -r(z) - s(z). Determine u(14).
86
Let x(w) = 8*w - 4. Let y be (-5 + 4)/(-1) - 3 - -7. Let p(j) = -14*j + 9. Let n(d) = y*x(d) + 3*p(d). Calculate n(6).
-5
Let y be 719/1438*(0 - 0). Let o(g) = -g**3 - 2*g**2 + g + 80. Calculate o(y).
80
Suppose 2*y + 3*y + 3*r + 3 = 0, -3 = 3*r. Let z(t) = -8036*t + y - t**2 + 8030*t - 9. Calculate z(-6).
-9
Let a be (-2 + 1 + 1)/2. Let l(j) = -41*j**2 + 4*j - 15. Let w(f) = 51*f**2 - 5*f + 17. Let r(o) = 5*l(o) + 4*w(o). Give r(a).
-7
Let h(m) = 56*m + 3 - 57*m - 2. Let u(i) = -13*i + 27. Let s(v) = 22*h(v) - 2*u(v). Let f be s(9). Let r(c) = -c**2 + 5*c + 3. Give r(f).
7
Let l(f) = -f + 2. Let t(r) = 2*r - 3. Let v(s) = 10*l(s) + 4*t(s). What is v(14)?
-20
Let y = 729 + -1339. Let o = 602 + y. Let u(v) = -v**3 - 8*v**2 - v - 15. Give u(o).
-7
Let j(z) be the third derivative of -z**6/120 + 7*z**5/20 - 41*z**4/24 + 19*z**3/2 + 2*z**2 - 32. Let f be j(19). Let u(a) = -a - 6. Determine u(f).
-6
Let b(q) = -3*q + 3 - 5 - 4 + 8. Let y be 6/(-2) + (3 - 10). Let l(c) = -c**2 - 8*c + 15. Let s be l(y). Determine b(s).
17
Suppose 91 = -24*b + 19. Let i(f) = 0*f**3 + 3*f**3 + 2247*f**2 - 4*f**3 + 2241*f**2 - 4489*f**2 - 1. What is i(b)?
17
Let t(c) be the first derivative of 11*c**4/4 + c**3/3 + c**2/2 + c + 611. Let z = 17 - 11. Suppose 5*x + x + z = 0. Calculate t(x).
-10
Let g(x) = -x**3 - 5*x**2 + 26*x + 10. Let r = -5130 + 5122. Calculate g(r).
-6
Let u(o) = o**2 - 25*o + 35. Let p(k) = 2*k**3 - 24*k**2 - 25*k + 10. Let c be p(13). Calculate u(c).
-11
Let j(h) = -2*h**2 + 19*h - 32. Let d be 72/42*(-56)/(-20)*10/8. What is j(d)?
10
Suppose 10 = -0*i + 2*i. Suppose 4*j = -16, 78*j - 76*j - 186 = -2*p. Let r(y) = p*y**3 + 4 - y + 6*y**2 - 6*y - 98*y**3. Determine r(i).
-6
Let d(i) = i**2 - 16. Suppose -3*o - 2*n = 1, 100*o - 97*o = 2*n + 19. Determine d(o).
-7
Let h = 335 + -292. Let b(w) = -3 - h*w**2 + w - 55*w**2 + 97*w**2. Determine b(0).
-3
Let l(s) = 4*s**3 - 4*s**2 + 13. Let i(y) = y**3 - y**2 + 3. Let t(b) = -5*i(b) + l(b). Determine t(1).
-2
Suppose -16 - 3 = -3*v + 4*c, 0 = -4*v + 5*c + 25. Let o(q) = 0*q + 2*q**2 + 4*q + v + 4*q**2 - 5*q**2. Let s = -129 - -125. What is o(s)?
5
Suppose -3*u = 11*u - 112. Suppose u = 3*q + q. Let o(m) = -3*m + 2*m - 2*m + q*m. Give o(2).
-2
Let r(p) be the third derivative of -p**5/60 + 7*p**4/8 - 7*p**3/2 - 1135*p**2. Determine r(13).
83
Let s(h) = h**3 - 6*h**2 + 4. Suppose -134*a + 639 = -176 - 257. Give s(a).
132
Let o(u) = 4*u + 2. Suppose -2*w = -430 - 390. Let m = w + -409. Determine o(m).
6
Let j(m) = -17*m + 3 - 9 + 14*m + 3*m + 3*m. Let t = 227 - 232. Determine j(t).
-21
Let t = -31 + 61. Suppose 5*g + g = -t. Let i(r) = 13*r - 10*r - 4*r**2 - 7 + 0*r**3 - r**3 + 0*r**2. Determine i(g).
3
Let c be 2/10 + 306/45. Suppose -c*v - 81 = -16*v. Suppose -3*n + v = -2*z, -15 = 4*z + n - 4. Let y(l) = -3*l + 2. Give y(z).
11
Let m(q) be the first derivative of -121 + 5*q + 1/4*q**4 + 5/2*q**2 + 5/3*q**3. Calculate m(-4).
1
Let p(m) = -4*m**2 - 9*m - 10. Let z(q) = -9*q - 131. Let o be z(-14). Calculate p(o).
-65
Let f = 3 - 3. Let r(v) be the second derivative of 7*v**2 + 35*v - 1/6*v**3 + 0. Calculate r(f).
14
Let j(g) = -4*g**3 + 78*g**2 + 39*g + 24. Let o be j(20). Let n(t) = -30*t + 3. Determine n(o).
-117
Suppose 15*g = 29*g + 70. Let j(l) = 7*l**2 + 8*l + 4. Let c(x) = 12*x**2 + 16*x + 8. Let r(y) = g*j(y) + 3*c(y). What is r(-7)?
-3
Let p(s) be the first derivative of -s**5/10 + s**4/4 + s**3/2 - 4*s + 42. Let d(w) be the first derivative of p(w). Determine d(3).
-18
Let z(r) = -11*r + 7. Let a(m) = 10*m - 7. Let h = 36 + -20. Suppose -12*t + h = -44. Let u(d) = t*a(d) + 4*z(d). Calculate u(6).
29
Let q(d) = -d**3 - 6*d**2 - 3*d + 10. Suppose 5 = 5*z, 11*j - 13*j = 4*z + 6. Determine q(j).
0
Let n(r) = 6 + 3 - 7 + 6. Let v(i) = i + 7. Let m(z) = 4*n(z) - 3*v(z). Determine m(8).
-13
Let p be 10/18*18/28*7. Let v(c) be the first derivative of 1/3*c**3 + p*c**2 - 13 + 5*c. Calculate v(-6).
11
Let a(i) = 45 + i**2 - 26*i**2 - 24 + 26*i**2 - 6*i - 18. Let d = 0 + -3. Let y = 1 - d. Determine a(y).
-5
Let p = -282 - -535. Let s = -260 + p. Let t(w) = -w**2 - 6*w + 1. What is t(s)?
-6
Let u(r) = 34*r + 4 - 10*r - r**2 + 3 - 11*r + 0*r**2. Let h be (1/2)/(1/26). Let o be u(h). Let v(w) = w - 3. Give v(o).
4
Let i(l) = 3*l + 56. Let v be i(-15). Suppose 4*j = 3*a - 0*a + v, 5*a = -2*j + 25. Let c(m) = -2 - 4 + 0 + m**2 - 5*m. Give c(j).
-6
Suppose -4*j + 12 = 4*l, 0 = -6*l + 3*l + 9. Suppose 0 = -4*r + 6*r - 4, -4*x + 2*r + 12 = j. Let o(z) = -z**2 + 5*z - 3. What is o(x)?
1
Let q(i) be the first derivative of -25*i**2 + 162*i + 10641. Determine q(3).
12
Let y(v) = v**2 + 18*v + 1. Let w = -1981 - -1968. Give y(w).
-64
Let x = 3 - -6. Let a(z) = -4 + x - 3*z + 3 - 6. Let o(g) = -g + 1. Let d(j) = a(j) - 4*o(j). What is d(-5)?
-7
Let q(d) = -2*d + 3. Let k(o) be the third derivative of o**4/12 - 2*o**3/3 + 22*o**2 + o. Let m(c) = 6*k(c) + 5*q(c). What is m(7)?
5
Let u = 396 + -388. Let i(b) = 13*b + 14 - 25*b**2 + 9*b**2 + u*b**2 + 9*b**2. What is i(-12)?
2
Let g(l) = -l**2 - 9*l + 9. Suppose -2*x + 16 = 6*x. Let n be (47/((-517)/66))/(x/3). Determine g(n).
9
Let q(v) = v**3 + 18*v**2 + 15*v - 21. Suppose 297*z - 242 = -5291. Give q(z).
13
Let r(i) = i + 5. Suppose x + 3 = 2*s - 167, 0 = 2*x. Let n = s + -95. What is r(n)?
-5
Let g(o) = -46*o + 191. Let j = 2317 - 2313. Determine g(j).
7
Let h(t) be the second derivative of -t**5/60